s of f.
5861
Let b(f) = 13*f - 113. Let u be b(9). Suppose u*x - 2168 = -3*j, x - 65 = -2*j + 1382. List the prime factors of j.
2, 181
Let m = 44 + -36. Suppose m*d - 1278 - 1202 = 0. What are the prime factors of d?
2, 5, 31
Let q be (238/21 + -8)/((-1)/(-24)). Suppose o - 515 = -5*a, 23 = a - 5*o - q. What are the prime factors of a?
103
What are the prime factors of ((-111573)/(-27) + 5)*(-90)/(-20)?
2, 3, 29, 107
Let r = 3585 + -2455. Suppose 28 = 2*t - 3*t. What are the prime factors of r/8 - (-7)/t?
3, 47
Suppose -d = d + 2*v + 188, -2*v + 109 = -d. Let f = -1378 - -1172. Let j = d - f. What are the prime factors of j?
107
Let h = 30009 + -12485. List the prime factors of h.
2, 13, 337
Let d(x) = 19*x**2 - 2. Let h be d(-2). Suppose 7287 = -6*s + 7833. Let w = s + h. What are the prime factors of w?
3, 5, 11
Suppose 0 = 3*x + 2*x - 570. Let m be 39/(-104) + (-165)/8. Let u = x - m. What are the prime factors of u?
3, 5
Let w = 21487 + -14474. What are the prime factors of w?
7013
Let a(b) be the third derivative of -b**6/60 + b**5/15 - 17*b**4/24 + b**2. Let j(i) be the second derivative of a(i). What are the prime factors of j(-6)?
2, 5
Suppose i - 14*q + 15*q - 16 = 0, 2*q + 108 = 5*i. Suppose 0 = i*x - 23*x + 1305. What are the prime factors of x?
3, 5, 29
Let j(g) = -383*g + 112. What are the prime factors of j(-24)?
2, 1163
Let v = 559 - -539. Let m = -766 + v. List the prime factors of m.
2, 83
Let c = -10063 + 27446. What are the prime factors of c?
17383
Suppose 3*s - 82506 = -5*g, 96*s + g = 91*s + 137510. List the prime factors of s.
2, 13751
Let m(f) = -f**3 + 4*f**2 + 8*f - 5. Let w be m(6). Let z = w - -23. List the prime factors of (-516)/(-8)*z/(-9).
43
Suppose 13*l - 837 - 26060 = 0. Let m = l - 1124. List the prime factors of m.
3, 5, 7
Suppose 486*m - 4852752 = 384*m. What are the prime factors of m?
2, 19, 313
Let p(g) = 359*g**2 - 2*g - 1. Let o be p(-1). Let f be ((-7 - -3) + 5)*(-2 + 3 - -4). Suppose -f*l + 2*l + o = 0. What are the prime factors of l?
2, 3, 5
Let c = -1681 + 2509. Suppose -c = 14*j - 10698. List the prime factors of j.
3, 5, 47
Suppose 24149 = 5*f - o, 2*f + 11*o - 8*o - 9680 = 0. What are the prime factors of f?
4831
List the prime factors of 1*12889*82/(1476/36).
2, 12889
What are the prime factors of 1 - (354/(-5))/(6/(-20))*-11?
7, 53
List the prime factors of (16/(-5))/(25/(-27000)).
2, 3
Suppose -87*i + 60 = -83*i. Suppose 2039 = i*r - 18061. List the prime factors of r.
2, 5, 67
Let m(v) be the third derivative of -v**4/24 - v**3/2 + 24*v**2. What are the prime factors of m(-7)?
2
List the prime factors of ((-856)/(-6) + 23/(-69))*(-1830)/(-10).
7, 61
Let c be 0 + (-1)/1*(-2 - 0). Suppose -4*f = 2*a - 660, c*a - 330 = a - 3*f. What are the prime factors of a?
2, 3, 5, 11
Suppose -275 = -17*v + 660. Let z = 295 - v. What are the prime factors of z?
2, 3, 5
Let s(p) be the first derivative of 1/3*p**3 + 16 - 5*p**2 + 30*p. What are the prime factors of s(13)?
3, 23
Suppose -7*o = -187712 - 237874. What are the prime factors of o?
2, 3, 10133
Let p(c) = 262*c - 4240. List the prime factors of p(48).
2, 521
Let w(y) = -33776*y**3 + y**2 + 86*y + 85. List the prime factors of w(-1).
2, 2111
Let h(d) = 23*d**3 + 3*d**2 + 7*d + 10. Suppose -3*o + 16 = 4*i, 2*i - 4*o - 4 = 4. List the prime factors of h(i).
2, 19, 41
Let w(k) = 1411*k**2 - 36*k + 162. What are the prime factors of w(3)?
3, 13, 109
Let d(x) = 718*x**3 + 3*x**2 - 30*x + 69. List the prime factors of d(4).
45949
What are the prime factors of 9*24/(-36) - (-7 - (-110950)/(-7))?
11, 131
List the prime factors of (-29)/((((-112)/(-35) + -4)/146)/2).
5, 29, 73
Suppose -5*w + 2246 = -159. Suppose 8*a - 9*a - w = -u, -5*u - 5*a = -2375. What are the prime factors of u?
2, 239
List the prime factors of 5*(-19 - (-303248)/80).
2, 3, 7, 449
List the prime factors of (20/7 - (-168)/(-84))*89873.
2, 3, 37, 347
Let u = 281 - 277. Suppose -27*k = -u*k - 17503. List the prime factors of k.
761
Suppose -r = -5*v + 7, 0*v - 2*r + 2 = -2*v. Suppose a + v*a = 294. Suppose 2*g - 94 = -g + 2*i, -3*g + a = -4*i. List the prime factors of g.
2, 3, 5
Let f(t) = t**2 - 11*t + 39. Let k be f(8). What are the prime factors of k/(-10) + (-3745)/(-10)?
373
Suppose -46*t + 18 = -64*t. What are the prime factors of -4*(t - (-4 + 1) - 207)?
2, 5, 41
Suppose -5*q - v + 87 = -7, 5*q - 5*v = 100. Let z(p) = 4 - q + 3 + 9 + 10*p. List the prime factors of z(8).
7, 11
Let p = -10208 - -23334. What are the prime factors of p?
2, 6563
What are the prime factors of 135/(8*(-7)/(-2408))?
3, 5, 43
Suppose -14 = -4*m - 2. Suppose 0 = -m*v + 9*v. Suppose -5*q + 110 = 4*d, v = -4*q - d - d + 82. What are the prime factors of q?
2, 3
Suppose 0 = -5*t - 15, -7*t = -2*m - 5*t + 2228. What are the prime factors of m?
11, 101
Let k(c) be the second derivative of -c**5/20 - 5*c**4/4 - c**3/6 - 4*c**2 - 2*c. Suppose -103 = -o - 118. What are the prime factors of k(o)?
7
Let h = 2 + 3. Suppose -n = 5*b - 19, -h*b - 4*n + 25 = -2*b. Suppose b*y - 2*y = 3. What are the prime factors of y?
3
Suppose -o - 3*n = -22, 0*n + 4*n + 27 = 3*o. Let g(s) be the second derivative of s**5/20 - s**4 - s**3/3 + 46*s. What are the prime factors of g(o)?
11, 13
Suppose 0*q - q - 3*o = -4, 5*q = 3*o + 20. Let p = q - -14. List the prime factors of p/(-1)*(-56)/14.
2, 3
Let d = 9 + -5. List the prime factors of (-1)/((-2)/d - 0).
2
Suppose -7*r + 28 = -0*r. Let d be (-5)/(-5*r/8). List the prime factors of 47 - (d/(-3) + 16/(-12)).
7
Let c(d) be the first derivative of -19/2*d**2 + 25/3*d**3 - 1/4*d**4 + 13 - 32*d. What are the prime factors of c(24)?
2, 11
Let u(o) = -o**3 + 7*o + 4. Let t be u(-3). List the prime factors of ((-4)/t)/(42/(-18795)).
179
Let b(q) = 48*q - 27. Let l = 176 + -172. What are the prime factors of b(l)?
3, 5, 11
Let b = 8 - 4. Suppose 3*f = b*f - 40. Let p = -23 + f. List the prime factors of p.
17
Let s = 26203 + -17321. What are the prime factors of s?
2, 4441
Suppose 5*t + 824 = -5*r + 6*r, 0 = 4*r + 2*t - 3340. Suppose -2*j + 12*m - 8*m = -r, 3*m = -9. What are the prime factors of j?
3, 137
Suppose -77*f = -78*f + 3383. Suppose 5*t - r = f + 2599, 0 = -t - r + 1200. What are the prime factors of t?
3, 7, 19
Suppose -23*m = -7*m + 64. List the prime factors of m - ((-2)/(-6) - 561/9).
2, 29
Suppose -7*o + 3*o = -8. Let h(r) = 48*r**3 - r**2 + 1. Let g be h(1). Suppose m + g = o*m. List the prime factors of m.
2, 3
Let i be (-27)/6*(-28)/63. Suppose -i*t + 29 = -3*f, 0 = -2*t + 3*t - 2*f - 12. What are the prime factors of t?
2, 11
Let m = 5825 + 15044. What are the prime factors of m?
41, 509
Let d = 397 - 264. Let k = d - 87. List the prime factors of k.
2, 23
Suppose -v - 9 = s + v, -24 = 4*s + 5*v. Let m = -1 - s. Suppose m = -2*q + 38 + 42. What are the prime factors of q?
2, 5
Let i = -1472 + 4763. List the prime factors of i.
3, 1097
Let h = 693 - 677. Suppose -2*t - 2*u = -3072, -11*t + h*t - 7645 = 2*u. What are the prime factors of t?
1531
Let x(i) = -2*i**3 - 41*i**2 - 10*i + 48. Suppose 29*c = 44*c + 315. List the prime factors of x(c).
3, 233
Suppose 5*w = -i + 467, -3*i = -9*w + 4*w - 1421. Suppose 0 = 29*g - 33*g + i. Let p = g + -28. What are the prime factors of p?
2, 3, 5
Let r be 60/(-10) + 102 + 1. Let z be ((-5)/2)/(5/190*-1). Let k = r - z. What are the prime factors of k?
2
Let j = 332 + -328. Suppose j*n = -2*r + 1148, 4562 = 5*r + n + 1719. List the prime factors of r.
2, 71
Let s(z) = -13*z**2 + 14 + 0*z**3 + 10*z + z**3 - z**2 - 2*z. Let i be s(14). Suppose 0 = -4*x + 66 + i. List the prime factors of x.
2, 3
Suppose -2*z + 159164 = 5*j, 4*z - 288*j + 289*j = 318382. What are the prime factors of z?
7, 83, 137
Suppose -3*c + 3 = -0, 4*l = c - 3565. Let x = -396 - l. List the prime factors of x.
3, 5, 11
Let q(b) = -27 + 18 + b - 3*b + 3*b. Let r be q(12). Suppose r*h - 9 = 0, 2*z = -3*h + 78 + 49. List the prime factors of z.
59
Let k(w) = w**3 + 5*w**2 + 4. Let i(b) = 11*b + 28. Let r be i(-3). Let z be k(r). Suppose -z*m - 2*m + 390 = 0. List the prime factors of m.
5, 13
Let h(g) = 43*g + 27. Let u(f) = -6*f - 19. Let x be u(-5). Let s be h(x). Suppose -13*v + 1008 = -s. List the prime factors of v.
2, 29
Suppose -3*z + 38235 = -3*d, 590*z -